{"id":2478,"date":"2021-03-21T20:22:43","date_gmt":"2021-03-21T19:22:43","guid":{"rendered":"http:\/\/www.animandolucca.it\/?page_id=2478"},"modified":"2024-01-30T12:08:32","modified_gmt":"2024-01-30T11:08:32","slug":"chi-siamo","status":"publish","type":"page","link":"https:\/\/www.animandolucca.it\/?page_id=2478","title":{"rendered":"Chi siamo"},"content":{"rendered":"\n<h2 class=\"wp-block-heading\">Chi siamo<\/h2>\n\n\n\n<p class=\"has-text-align-left\"><strong>Gli organi dell&#8217;Associazione Animando<\/strong><\/p>\n\n\n\n<p>IL PRESIDENTE<\/p>\n\n\n\n<p>Giovanni Del Carlo<\/p>\n\n\n\n<p>DIRETTORE ARTISTICO<\/p>\n\n\n\n<p>M\u00ba Stefano Teani<\/p>\n\n\n\n<p>SEGRETERIA:<\/p>\n\n\n\n<p>Elisabetta Puccinelli<\/p>\n\n\n\n<p>IL CONSIGLIO DIRETTIVO:<\/p>\n\n\n\n<ul>\n<li>Vicepresidente: Paolo Citti<\/li>\n\n\n\n<li>Tesoriere: Paolo Fanucchi<\/li>\n\n\n\n<li>Iscrizioni soci: Teresa Carletti, Manuela Ridolfi<\/li>\n\n\n\n<li>Logistica: Marco Pierotti<\/li>\n\n\n\n<li>Eventi sociali: Fabio Greco<\/li>\n\n\n\n<li>Gestione soci ed eventi promozionali: Mauro Di Grazia<\/li>\n\n\n\n<li>Comunicazione: Clip Comunicare<\/li>\n\n\n\n<li>Gestione bandi e finanziamenti: Ferruccio Corbo<\/li>\n\n\n\n<li>Promozione eventi: Adriano Marchesini<\/li>\n<\/ul>\n\n\n\n<p><\/p>\n\n\n\n<p>La sede legale di &#8220;<strong><em>Animando &#8211; Centro di Produzione Musicale APS<\/em><\/strong>&#8221; \u00e8 presso lo Studio Giovannetti &#8211; Viale Regina Margherita 121 &#8211; 55100 Lucca.<\/p>\n\n\n\n<p><\/p>\n\n\n\n<h2 class=\"wp-block-heading\"><strong>LO STATUTO<\/strong><\/h2>\n\n\n\n<p class=\"has-text-align-left\">[Art. 1 &#8211; Denominazione e sede] <\/p>\n\n\n\n<ol>\n<li>\u00c8 costituito l&#8217;Ente del Terzo Settore denominato: &#8220;ANIMANDO &#8211; Centro di Promozione Musicale APS&#8221;, che svolge la propria attivit\u00e0 ai sensi del codice civile, del dlgs 117\/2017 e della normativa in materia ed assume la forma giuridica di associazione non riconosciuta, apartitica e aconfessionale.<\/li>\n<\/ol>\n\n\n\n<p>[Art. 4 &#8211; Scopo e finalit\u00e0] <\/p>\n\n\n\n<ol>\n<li>L&#8217;associazione esercita in via esclusiva o principale una o pi\u00f9 attivit\u00e0 di interesse generale per il perseguimento, senza scopo di lucro, di finalit\u00e0 civiche, solidaristiche e di utilit\u00e0 sociale.<\/li>\n\n\n\n<li>Lo scopo che si propone di svolgere in favore dei propri associati, di loro familiari o di terzi, avvalendosi in modo prevalente dell&#8217;attivit\u00e0 di volontariato dei propri associati, \u00e8 promuovere eventi culturali ed attivit\u00e0 di qualsiasi genere in ambito musicale.<\/li>\n\n\n\n<li>Per la realizzazione dello scopo di cui al comma precedente, l&#8217;associazione si propone di svolgere le seguenti attivit\u00e0:\n<ol>\n<li>proporre interventi di tutela e valorizzazione del patrimonio culturale, ai sensi del decreto legislativo 22 gennaio 2004, n. 42 e successive modificazioni (art. 5, comma 1, lettera f, dlgs. 117\/2017);<\/li>\n\n\n\n<li>organizzare e gestire attivit\u00e0 culturali, artistiche o ricreative di particolare interesse sociale, incluse le attivit\u00e0, anche editoriali, di promozione e diffusione della cultura e della pratica del volontariato e delle attivit\u00e0 d&#8217;interesse generale di cui al presente articolo (art. 5, comma 1, lettera i, d.lgs. 117\/2017);<\/li>\n\n\n\n<li>organizzare e gestire attivit\u00e0 turistiche d\u2019interesse sociale e culturale (art. 5,<br>comma 1, lettera k, dlgs. 117\/2017);<\/li>\n<\/ol>\n<\/li>\n\n\n\n<li>Al fine di perseguire le suddette finalit\u00e0 l\u2019associazione opera in modo di:\n<ol>\n<li>mettere in atto progetti di recupero del repertorio musicale della ricca tradizione musicale lucchese presente negli archivi cittadini e del pi\u00f9 vasto territorio limitrofo;<\/li>\n\n\n\n<li>collaborare con gli enti territoriali di studio e ricerca per il recupero delle opere di archivio suddette;<\/li>\n\n\n\n<li>organizzare produzioni musicali che promuovono autori del passato e del presente;<\/li>\n\n\n\n<li>valorizzare musicisti e autori contemporanei di particolare interesse culturale e artistico;<\/li>\n\n\n\n<li>valorizzare, al fine della realizzazione di eventi musicali, le migliori professionalit\u00e0 musicali territoriali &#8211; strumentisti, solisti, cori &#8211; favorendo la collaborazione ed il coordinamento con la politica culturale territoriale.<\/li>\n\n\n\n<li>promuovere e organizzare spettacoli, manifestazioni, convegni, incontri, rassegne, procedendo alla pubblicazione dei relativi atti o documenti, e tutte quelle iniziative idonee a favorire un organico contatto tra l\u2019Associazione e gli operatori degli stessi settori sia pubblici che privati;<\/li>\n\n\n\n<li>Organizzare viaggi per seguire concerti, festival ed eventi musicali in genere.<\/li>\n<\/ol>\n<\/li>\n\n\n\n<li>Perseguimento finalit\u00e0\n<ol>\n<li>Per conseguire i suoi fini, l&#8217;associazione potr\u00e0 compiere quelle operazioni mobiliari, immobiliari e finanziarie che saranno ritenute necessarie ed utili per il conseguimento degli scopi dell\u2019associazione.<\/li>\n\n\n\n<li>L\u2019associazione pu\u00f2 esercitare, a norma dell\u2019art. 6 del Codice del terzo settore, attivit\u00e0 diverse da quelle d\u2019interesse generale, secondarie e strumentali rispetto a queste ultime, secondo criteri e limiti definiti con apposito Decreto Ministeriale. La loro individuazione sar\u00e0 successivamente operata da parte dell\u2019organo di amministrazione.<\/li>\n\n\n\n<li>L\u2019associazione pu\u00f2 esercitare anche attivit\u00e0 di raccolta fondi, a norma dell\u2019art. 7 del Codice del terzo settore, attraverso la richiesta a terzi di donazioni, lasciti e contributi, di natura non corrispettiva, al fine di finanziare le proprie attivit\u00e0 d\u2019interesse generale, nel rispetto dei principi di verit\u00e0, trasparenza e correttezza nei rapporti con i sostenitori e con il pubblico.<\/li>\n\n\n\n<li>Pertanto l\u2019Associazione s\u00ec avvale di ogni strumento utile al raggiungimento degli scopi sociali e potr\u00e0 tra l\u2019altro:<br>a) effettuare la stipula di convenzioni di qualsiasi genere con Fondazioni, Enti pubblici e privati, che siano considerate opportune e utili, per il raggiungimento degli scopi dell\u2019Associazione. Gli enti privati dovranno garantire il principio dell\u2019assenza di fini di lucro, anche indiretto;<br>b) amministrare e gestire i beni di cui sia proprietaria, conduttrice, comodataria o comunque a qualsiasi titolo posseduti;<br>c) stipulare convenzioni e contratti per l\u2019affidamento in gestione di parte delle attivit\u00e0;<br>d) partecipare ed aderire ad associazioni, enti e istituzioni, pubbliche e private, la cui attivit\u00e0 sia rivolta, direttamente o indirettamente al perseguimento di scopi analoghi a quelli dell\u2019Associazione medesima;<br>e) richiedere finanziamenti nel limite stabilito da apposita delibera Assembleare, accettare sponsorizzazioni e ricorrere ad abbinamenti pubblicitari per il sostegno finanziario delle attivit\u00e0 statutarie e per la copertura dei costi per la realizzazione di iniziative;<br>f) svolgere ogni altra attivit\u00e0 idonea e di supporto al perseguimento delle finalit\u00e0 istituzionali;<br>g) inoltrare le opportune richieste di contributi a Enti privati, Enti pubblici, persone fisiche e persone giuridiche per il raggiungimento dei propri fini istituzionali.<\/li>\n<\/ol>\n<\/li>\n<\/ol>\n\n\n\n<p>[Art. 7 &#8211; Diritti e doveri dei soci]<\/p>\n\n\n\n<ol>\n<li>I soci dell&#8217;organizzazione hanno il diritto di:<br>a) eleggere gli organi sociali e di essere eletti negli stessi;<br>b) essere informati sulle attivit\u00e0 dell&#8217;organizzazione e controllarne l&#8217;andamento;<br>c) essere rimborsati dalle spese effettivamente sostenute e documentate per l&#8217;attivit\u00e0 prestata, ai sensi di legge;<br>d) prendere atto dell&#8217;ordine del giorno delle assemblee, prendere visione del rendiconto economico \u2013 finanziario, consultare i verbali;<br>e) votare in Assemblea purch\u00e9 iscritti da almeno tre mesi nel libro degli associati. Ciascun associato ha diritto ad un voto.<\/li>\n\n\n\n<li>Gli stessi soci hanno il dovere di:<br>a) rispettare il presente statuto e l&#8217;eventuale regolamento interno;<br>b) svolgere la propria attivit\u00e0 in favore della comunit\u00e0 e del bene comune in modo personale, spontaneo e gratuito, senza fini di lucro, anche indiretti ed esclusivamente per fini di solidariet\u00e0;<br>c) versare la quota associativa secondo l&#8217;importo annualmente stabilito. La quota associativa \u00e8 personale, non \u00e8 rimborsabile e non pu\u00f2 essere trasferita a terzi o rivalutata.<\/li>\n<\/ol>\n\n\n\n<p>[ Art. 10 &#8211; Organi Sociali]<\/p>\n\n\n\n<ol>\n<li>Gli organi dell&#8217;associazione sono:<br>a) Assemblea dei soci;<br>b) Consiglio direttivo;<br>c) Organo di controllo (se e quando necessario o obbligatorio per legge)<\/li>\n<\/ol>\n\n\n\n<p>I componenti del Consiglio direttivo attualmente in carica sono riportati alla pagina Contatti.<\/p>\n","protected":false},"excerpt":{"rendered":"<p>Chi siamo Gli organi dell&#8217;Associazione Animando IL PRESIDENTE Giovanni Del Carlo DIRETTORE ARTISTICO M\u00ba Stefano Teani SEGRETERIA: Elisabetta Puccinelli IL CONSIGLIO DIRETTIVO: La sede legale di &#8220;Animando &#8211; Centro di Produzione Musicale APS&#8221; \u00e8 presso lo Studio Giovannetti &#8211; Viale Regina Margherita 121 &#8211; 55100 Lucca. LO STATUTO [Art. 1 &#8211; Denominazione e sede] [Art. [&hellip;]<\/p>\n","protected":false},"author":3,"featured_media":0,"parent":0,"menu_order":6,"comment_status":"closed","ping_status":"closed","template":"","meta":{"footnotes":""},"_links":{"self":[{"href":"https:\/\/www.animandolucca.it\/index.php?rest_route=\/wp\/v2\/pages\/2478"}],"collection":[{"href":"https:\/\/www.animandolucca.it\/index.php?rest_route=\/wp\/v2\/pages"}],"about":[{"href":"https:\/\/www.animandolucca.it\/index.php?rest_route=\/wp\/v2\/types\/page"}],"author":[{"embeddable":true,"href":"https:\/\/www.animandolucca.it\/index.php?rest_route=\/wp\/v2\/users\/3"}],"replies":[{"embeddable":true,"href":"https:\/\/www.animandolucca.it\/index.php?rest_route=%2Fwp%2Fv2%2Fcomments&post=2478"}],"version-history":[{"count":11,"href":"https:\/\/www.animandolucca.it\/index.php?rest_route=\/wp\/v2\/pages\/2478\/revisions"}],"predecessor-version":[{"id":3883,"href":"https:\/\/www.animandolucca.it\/index.php?rest_route=\/wp\/v2\/pages\/2478\/revisions\/3883"}],"wp:attachment":[{"href":"https:\/\/www.animandolucca.it\/index.php?rest_route=%2Fwp%2Fv2%2Fmedia&parent=2478"}],"curies":[{"name":"wp","href":"https:\/\/api.w.org\/{rel}","templated":true}]}}